er when 177927 is divided by 437.
68
What is the remainder when 15918 is divided by 15?
3
Calculate the remainder when 6214975 is divided by 722.
721
What is the remainder when 13433654 is divided by 30?
14
What is the remainder when 497094 is divided by 823?
2
Calculate the remainder when 17614765 is divided by 628.
621
What is the remainder when 76840286 is divided by 37?
18
Calculate the remainder when 50920 is divided by 42382.
8538
Calculate the remainder when 386681 is divided by 96647.
93
Calculate the remainder when 52929445 is divided by 3559.
3556
Calculate the remainder when 10359955 is divided by 3435.
3430
Calculate the remainder when 10199277 is divided by 3332.
25
Calculate the remainder when 158093858 is divided by 159.
158
Calculate the remainder when 3262476 is divided by 13.
9
What is the remainder when 14833 is divided by 4140?
2413
Calculate the remainder when 57662 is divided by 24283.
9096
What is the remainder when 2808414 is divided by 104?
102
Calculate the remainder when 2448232 is divided by 2458.
64
What is the remainder when 46560826 is divided by 3526?
3522
Calculate the remainder when 191867 is divided by 12789.
32
Calculate the remainder when 16202942 is divided by 50.
42
What is the remainder when 232505 is divided by 2895?
905
What is the remainder when 10032293 is divided by 852?
845
What is the remainder when 65014 is divided by 347?
125
Calculate the remainder when 1371945 is divided by 38.
31
Calculate the remainder when 18522333 is divided by 3704465.
8
Calculate the remainder when 236109 is divided by 21331.
1468
What is the remainder when 34716 is divided by 787?
88
Calculate the remainder when 109556 is divided by 3311.
293
What is the remainder when 1209481 is divided by 201401?
1075
Calculate the remainder when 2987989 is divided by 391.
358
What is the remainder when 147432264 is divided by 248?
232
Calculate the remainder when 706179 is divided by 235374.
57
Calculate the remainder when 119344 is divided by 312.
160
Calculate the remainder when 647657 is divided by 1492.
129
What is the remainder when 7040704 is divided by 782300?
4
What is the remainder when 4146 is divided by 3508?
638
Calculate the remainder when 23543 is divided by 11640.
263
Calculate the remainder when 5655887 is divided by 123.
101
What is the remainder when 9767716 is divided by 1395388?
0
What is the remainder when 37458736 is divided by 171?
160
Calculate the remainder when 1336492 is divided by 28.
24
What is the remainder when 364607 is divided by 750?
107
What is the remainder when 21440442 is divided by 216570?
12
Calculate the remainder when 11745 is divided by 422.
351
Calculate the remainder when 23071 is divided by 1258.
427
What is the remainder when 96538 is divided by 32122?
172
What is the remainder when 292945763 is divided by 68?
63
What is the remainder when 23463197 is divided by 23463191?
6
What is the remainder when 37542619 is divided by 1129?
1111
What is the remainder when 5951555 is divided by 179?
163
What is the remainder when 106037 is divided by 335?
177
What is the remainder when 11127 is divided by 1006?
61
What is the remainder when 158675521 is divided by 235?
231
Calculate the remainder when 46528 is divided by 22992.
544
Calculate the remainder when 39286514 is divided by 328.
314
What is the remainder when 3910021 is divided by 1453?
1451
Calculate the remainder when 541913 is divided by 270887.
139
What is the remainder when 5118066 is divided by 1270?
1236
Calculate the remainder when 9814707 is divided by 107.
25
What is the remainder when 58279919 is divided by 1390?
1389
What is the remainder when 3970670 is divided by 682?
66
What is the remainder when 2016625 is divided by 37?
14
Calculate the remainder when 4117146 is divided by 4117003.
143
Calculate the remainder when 373759 is divided by 10.
9
Calculate the remainder when 1361703 is divided by 248.
183
Calculate the remainder when 162808 is divided by 23215.
303
What is the remainder when 299054 is divided by 47?
40
Calculate the remainder when 1073998 is divided by 9.
1
What is the remainder when 9197530 is divided by 73580?
30
Calculate the remainder when 242363 is divided by 2754.
11
Calculate the remainder when 1486053 is divided by 1394.
49
What is the remainder when 128065 is divided by 336?
49
What is the remainder when 329188 is divided by 41081?
540
Calculate the remainder when 249277 is divided by 3424.
2749
What is the remainder when 318085 is divided by 1148?
89
What is the remainder when 26067 is divided by 79?
76
Calculate the remainder when 1064031 is divided by 6568.
15
Calculate the remainder when 4742726 is divided by 16999.
5
What is the remainder when 528765 is divided by 25?
15
What is the remainder when 166027796 is divided by 454?
450
What is the remainder when 5345645 is divided by 7?
4
What is the remainder when 21279 is divided by 1349?
1044
Calculate the remainder when 660210 is divided by 4126.
50
What is the remainder when 253729244 is divided by 24?
20
Calculate the remainder when 487619 is divided by 111.
107
What is the remainder when 226955 is divided by 12596?
227
What is the remainder when 97321 is divided by 6436?
781
What is the remainder when 5672006 is divided by 85?
41
Calculate the remainder when 30554384 is divided by 6585.
6569
What is the remainder when 1144703 is divided by 19?
10
Calculate the remainder when 1602607 is divided by 782.
289
Calculate the remainder when 50000933 is divided by 919.
900
What is the remainder when 291803624 is divided by 25?
24
What is the remainder when 112810088 is divided by 4700420?
8
Calculate the remainder when 61382832 is divided by 25.
7
What is the remainder when 1915449 is divided by 9119?
459
Calculate the remainder when 151867544 is divided by 2936.
8
What is the remainder when 21495855 is divided by 3617?
24
Calculate the remainder when 19893996 is divided by 639.
9
What is the remainder when 9705 is divided by 161?
45
What is the remainder when 295054 is divided by 26810?
144
Calculate the remainder when 337606 is divided by 345.
196
Calculate the remainder when 227857 is divided by 113907.
43
Calculate the remainder when 689862424 is divided by 17.
10
What is the remainder when 633071 is divided by 137?
131
What is the remainder when 64290254 is divided by 66553?
56
What is the remainder when 37276 is divided by 37196?
80
What is the remainder when 19278 is divided by 429?
402
Calculate the remainder when 15514268 is divided by 8780.
8
Calculate the remainder when 10007530 is divided by 66.
16
Calculate the remainder when 862610 is divided by 86229.
320
Calculate the remainder when 1461462 is divided by 1606.
2
What is the remainder when 29615 is divided by 28814?
801
Calculate the remainder when 36302903 is divided by 7328.
7319
Calculate the remainder when 76946 is divided by 25608.
122
What is the remainder when 8467 is divided by 2423?
1198
Calculate the remainder when 3392847 is divided by 138.
117
Calculate the remainder when 51881477 is divided by 1991.
1990
What is the remainder when 776931 is divided by 10359?
6
What is the remainder when 439017673 is divided by 829?
827
What is the remainder when 50232768 is divided by 5869?
5866
What is the remainder when 251919 is divided by 6808?
23
What is the remainder when 1188472 is divided by 1076?
568
Calculate the remainder when 8866682 is divided by 28.
6
What is the remainder when 30437245 is divided by 869635?
20
What is the remainder when 1593154 is divided by 6638?
34
Calculate the remainder when 837674 is divided by 69806.
2
Calculate the remainder when 54556842 is divided by 21.
18
Calculate the remainder when 285352245 is divided by 2407.
2395
What is the remainder when 3958363 is divided by 20403?
181
Calculate the remainder when 26666365 is divided by 153.
148
Calculate the remainder when 392328 is divided by 140.
48
What is the remainder when 987913 is divided by 4511?
4
What is the remainder when 17406359 is divided by 355?
354
What is the remainder when 1412025 is divided by 662?
641
What is the remainder when 2364500 is divided by 33?
17
What is the remainder when 1187313 is divided by 1540?
1513
What is the remainder when 1292269 is divided by 447?
439
What is the rem